0 + 4, -h = r + 19. What is the units digit of n(r)?
1
Let a(b) = b**3 + 4*b**2 - 3*b + 576. Let f be 2 + (-1)/1 + 3 - 4. What is the units digit of a(f)?
6
Suppose 5*q + 2799 = -1591. Let f = -877 - q. What is the units digit of f?
1
Let o be (3 - 0)*(-350)/21. Let s = 52 + o. What is the tens digit of (8592/120)/(s/5)?
7
Suppose -5*v - 23 - 17 = 0. Suppose -m + 3 - 106 = 0. Let c = v - m. What is the tens digit of c?
9
Let b(z) = z**3 + 29*z**2 + 42*z + 51. Let m be (-108)/10*3/(66/55). What is the units digit of b(m)?
5
What is the tens digit of ((-8856)/(-9))/(-4)*(-23)/6*10?
3
Let k(a) = 77*a + 1505. Let t be k(-20). Let q = -27 - -101. Let j = t + q. What is the tens digit of j?
3
Let n = -3 + 1. Suppose 4*a = 2*g - 16, 4*a - 10 = 7*a - 2*g. What is the units digit of (-1 - (-12)/a)*(1 + n)?
3
Suppose 0 = -3*u + 11 - 725. Let z = -98 - u. Suppose -i + z = i. What is the tens digit of i?
7
Let x(a) = 70*a - 62. Let q be x(9). Suppose 19*r = -q + 2126. What is the units digit of r?
2
Let m = 39714 + 42232. What is the thousands digit of m?
1
Let p = 160 + -150. Suppose -4*a = 2*v - 508, -5*v + p*v + 149 = a. What is the hundreds digit of a?
1
Let k be (1/(-3))/(407/(-2920632)). Let p(r) = 5*r**2 + r. Let x be p(-2). Suppose x*h - k = 10*h. What is the tens digit of h?
9
Let a = -587 - -1328. Suppose 0 = -4*i - 3*s + 2949, 5*s - 2*s = i - a. What is the units digit of i?
8
Let k = -73 - -93. What is the hundreds digit of 5 + (-5)/(k/(-1704))?
4
Suppose -2*i + 465 = -i + 5*k, 4*i - 1908 = -4*k. Suppose d = -d + i. Let o = d + -19. What is the tens digit of o?
2
Let j(o) = 2*o + 4. Let g be j(-2). Suppose g = t - 17 - 1. What is the tens digit of ((-96)/9 + 0)*t/(-8)?
2
What is the hundreds digit of 6/16 + 327*59533/888?
9
Suppose 168*l = 28*l - 111*l + 15658886. What is the tens digit of l?
8
Let a(x) = -x**3 - x**2 - 2*x + 1. Let d be ((-4)/6)/(-2*3/(-72)). What is the hundreds digit of a(d)?
4
Let f(k) = 16*k**3 + 53*k**2 + 19*k - 75. Let w(b) = 5*b**3 + 18*b**2 + 6*b - 25. Let u(n) = 3*f(n) - 8*w(n). What is the units digit of u(5)?
5
Let z = -27711 - -38957. What is the tens digit of z?
4
Let u(b) = 692*b**2 - 17*b + 19. What is the hundreds digit of u(4)?
0
Suppose -4*y + 3*o = -7, 3*y + o - 18 = -o. Suppose -4*u - m = -17, -3*u - 2*m + y = -u. Suppose 488 = u*p - 17. What is the units digit of p?
1
Let q = 17 - 25. Let t(k) = -k**2 - 15*k - 16. Let l be t(q). What is the units digit of 5/l - 7/(-8)?
1
Let c be (5 + (4 - -3))*(-2)/(-8). Let t(w) = -2*w - w + 40 - c*w. What is the units digit of t(-15)?
0
Let r(o) = -2719*o - 1328. What is the hundreds digit of r(-4)?
5
Let w be 2 + -3 - 0/(-2) - -496. Suppose -5*i - 2*y - w = -6*y, 3*i + 260 = -5*y. Let n = i - -143. What is the units digit of n?
8
Suppose 0 = 3*m + 564 + 912. Let s = 1163 + m. What is the hundreds digit of s?
6
Suppose 2*p - 4*d + 82 = 0, 3*p - 5*d = 2*p - 44. Let m = p + 43. Suppose m*x + 728 = 12*x. What is the units digit of x?
1
Let l be (25/5)/(-5)*0. Suppose 0 = 5*p + 10, 5*k + 216 = -l*p - 3*p. Let y = k - -45. What is the units digit of y?
3
Let u be (-7)/(((-147)/(-70))/21). Let r = u - -286. What is the units digit of r?
6
Let z(m) = 0 + 6*m + 2*m**2 - 4 - 14*m. Let p = 3042 + -3032. What is the units digit of z(p)?
6
Let f(y) = y**3 + 8*y**2 + y - 2. Let u be (-4)/30 + (-34)/(-30). Let b(g) = -g**2 + g + 1. Let h(k) = u*f(k) + 2*b(k). What is the tens digit of h(-5)?
1
Let s(r) = -r**2 + 16*r + 32. Let g(c) = 4*c - 55. Suppose -5*i + 17 = -68. Let d be g(i). What is the units digit of s(d)?
1
Suppose -3*t + 4*a = -6 - 4, 4*a - 8 = 0. What is the hundreds digit of t*62/3 - 1*-3?
1
Let m be 448/(2/3*(-90)/(-60)). Suppose -3*v + 121 = -2*v - 4*d, 0 = 3*v + 5*d - m. What is the tens digit of v?
4
Suppose 0 = -0*v - v + y + 64, 336 = 5*v - y. Let q = 68 - v. Let d(l) = -l**3 - l**2 + 2*l + 166. What is the tens digit of d(q)?
6
Suppose -5*w - 454 = 4*y, -4*y = -8*y - w - 446. What is the units digit of (-3)/(-2 - (1 - (-332)/y))?
3
Suppose -u - 1128 = -4*v, 5*u - 187 - 95 = -v. What is the units digit of v - (4/2 + (-24)/6)?
4
Let r = 1054 + -286. Suppose -16*o + r = -6400. What is the units digit of o?
8
Let b be (-11 + 9/27)*(-6)/4. Suppose -b*j + 536 = -5240. What is the units digit of j?
1
Suppose -14018 - 14462 = -16*s. What is the hundreds digit of s?
7
Suppose -3704 = -6*f + 6262. What is the hundreds digit of f?
6
Let d(g) = 47*g**2 - 439*g + 18. What is the units digit of d(12)?
8
Let j(p) be the third derivative of p**5/60 - 3*p**4/8 - 137*p**3/6 - 179*p**2. What is the units digit of j(-24)?
5
Let p be 3/3 + 1 - -2. Let h be 1150/p*(-12)/(-15). Suppose -x + 4*v - 2*v = -37, -5*x + v + h = 0. What is the units digit of x?
7
Suppose 4*a + i = -252, -2*i = -4*i - 8. Let f = a - -312. Let d = f - 115. What is the hundreds digit of d?
1
Let m be (-3)/(4*3/(-8)). Suppose 4*n + m*n - 1692 = 0. What is the units digit of n?
2
Suppose 3*r = 2*s + 151, -5*r + 267 - 20 = -s. Suppose -687 + r = -11*y. What is the tens digit of y?
5
Let o = -3966 + -603. What is the units digit of -4 - (12/(-18))/((-2)/o)?
9
Let w be (28/8 + -5)*(-14)/3. Suppose 0 = w*c - 7027 - 12377. Suppose 12*m = 36 + c. What is the tens digit of m?
3
Let c(u) = -335*u**3 + 8*u**2 + 13*u. What is the thousands digit of c(-4)?
1
Let a(r) = -3*r**2 + 11*r - 20. Let j be a(6). Let x = j + 381. What is the units digit of x?
9
Let c = 804 + -798. Suppose 1716 = 4*j + 4*q, -5*j + c*q + 2100 = 2*q. What is the hundreds digit of j?
4
Let s(k) = 943*k**3 + 2*k**2 - 1. Let w be s(1). Let b = w + -473. What is the hundreds digit of b?
4
Suppose -2*t = 3*q + 12, -t - 3*q = -0 + 12. Suppose t = -4*c + 1835 + 1349. What is the tens digit of 4 + c/10 + (-4)/(-10)?
8
Let u be 2 + 331/2 + (-14)/28. Let a = u + -112. What is the tens digit of a?
5
Let x = 173 + -170. Suppose -5*o + 779 = w, -x*o - 3*w = -8*w - 445. What is the tens digit of o?
5
Suppose -14*c + 1276 = 7870. Let p = c + 704. What is the units digit of p?
3
Let i be (3/(-2) - 227509/62)*-1. Suppose -10*c + 879 = -i. What is the tens digit of c?
5
Let d(k) = -13 - 3*k + 0*k + 12 + 3*k**2. What is the tens digit of d(-11)?
9
Suppose 0 = z - 4*z, -b + 16366 = 71*z - 70*z. What is the tens digit of b?
6
Suppose 5*i + 5*r = -875, 5*i - 15*r + 887 = -17*r. Let l = -95 - -10. Let d = l - i. What is the units digit of d?
4
Let k = -300 + 306. What is the tens digit of (-2)/((-1 - 3) + k) + 270?
6
Suppose -27*u - 25*u = -20*u - 398336. What is the ten thousands digit of u?
1
Let v = 19033 - -11064. What is the ten thousands digit of v?
3
Suppose -4*k = -2*a - 4, 0 = -4*k - a - 4 + 2. Suppose -h - 28 = -2*r - 5*h, -4*r + 4*h - 4 = k. Suppose n + 180 = r*n. What is the units digit of n?
0
Suppose 0 = -5*v - 6*v + 2*j + 135342, 12307 = v + 3*j. What is the tens digit of v?
0
What is the units digit of (63090/40 + 13)/(2/8)?
1
Let u = 4681 - 1368. What is the tens digit of u?
1
Let g(b) = b**2 - 13*b - 28. Let y be g(16). Suppose -4 = 3*o + 4*j + y, 3*j = 3*o + 24. Let m(n) = n**2 + 5*n + 3. What is the units digit of m(o)?
7
What is the hundreds digit of (7/(42/(-16914)))/((18/15)/(-6))?
0
Let q(i) = 5*i**2 + 6*i + 1095. What is the units digit of q(40)?
5
Let r(m) = -2330*m - 19482. What is the units digit of r(-38)?
8
Let c(a) = -16*a**3 + 14*a**2 - 4*a - 30. What is the hundreds digit of c(-6)?
9
Suppose 0 = -4*y - 2*b + 1000, -5*b = 127 - 97. Suppose 0 = -4*v + 460 - 120. Let z = y - v. What is the hundreds digit of z?
1
Let w(d) be the third derivative of d**5/20 + d**4/3 + 13*d**3/6 + d**2. Suppose 4*z - 8 = 0, -4*z - 16 = -4*x + 8*x. What is the tens digit of w(x)?
7
Let j(p) = -754*p**3 + p**2 + 7*p + 19. What is the thousands digit of j(-2)?
6
What is the thousands digit of ((-36162)/(-9) + -12)*2?
8
Let s = -220 + 222. Suppose -q = c + s*c - 1026, -4*q - 1710 = -5*c. What is the hundreds digit of c?
3
Suppose -5*k - 18284 = -h, 2*h + 5*k - 18076 = 18417. What is the units digit of h?
9
Let h = -80 - -147. Suppose -h = -m + 6. What is the units digit of m?
3
Suppose -2*z = 2*z. Let p = 3 - z. Suppose -5*m + 2*g + 579 = 0, m - 111 = p*g - g. What is the hundreds digit of m?
1
Suppose -4*m - 4 = 0, -5*m + 11 - 40 = -3*p. Let r(j) = 47*j - 166. Wha